mainder when 219 is divided by t(-30).
29
Let x(l) = -7*l - 33. Let t be x(-12). Suppose 31*m = 30*m + t. Calculate the remainder when m is divided by 4.
3
Let h(j) be the first derivative of j**3/3 - 3*j**2/2 + 4*j - 4. Let l be h(3). Suppose -l*n = -3*n - 6. Calculate the remainder when n is divided by 2.
0
Let r(b) = b**2 - 3*b - 6. Let n be r(5). Suppose 0 = m - p - 6, n*m - 5*p = m + 12. Let w = 42 + -8. What is the remainder when w is divided by m?
7
Suppose 0 = -3686*v + 3680*v + 54. Let l(b) = 4*b**3 - b**2 - 3*b + 3. What is the remainder when l(2) is divided by v?
7
Suppose 3*d - 4*k - 130 = 16, -5*d + 195 = 3*k. Calculate the remainder when 163 is divided by d.
37
Let i(h) = 2*h**2 + 3*h + 10. Let l be i(0). Suppose 2*z + l = 0, 10*u - 3*z = 6*u + 63. What is the remainder when 167 is divided by u?
11
Let t = -75 + 158. Let p(w) = w**3 - 2*w**2 + 2*w - 3. Calculate the remainder when t is divided by p(3).
11
Let p(z) = 5*z**2 - 6*z - 4. Let j be p(-3). Let o = 172 - j. What is the remainder when o is divided by 29?
26
Let n = -7 + -29. Let h be n/(-30)*3*5. Suppose -h = -4*c + 50. Calculate the remainder when 65 is divided by c.
14
Let y(r) = -r - 7. Suppose t = 3 + 10. Let n be y(t). Calculate the remainder when 56 is divided by (n/(-16))/((-1)/(-12)).
11
Let s be ((-3 - -4) + -1)/2. Suppose -o + p = -4*p - 43, s = -4*o + 5*p + 97. Let g = -66 - -135. Calculate the remainder when g is divided by o.
15
Suppose 4426*m = 4424*m + 14. What is the remainder when 894 is divided by m?
5
Suppose -4*p = a - 219, -4*a - 104 - 140 = -4*p. What is the remainder when 234 is divided by p?
10
Let d(f) = -f**2 + 13*f - 26. Let a be d(6). Let w = -9 + a. Calculate the remainder when 39 is divided by w.
4
Suppose 39*z = 48*z - 63. What is the remainder when (1 + -5)*(-190)/40 is divided by z?
5
Let z(m) = 4*m**2 + 5*m + 2. Let q be z(-3). Suppose -10*y + q = -17. What is the remainder when (10/(-4))/(1/(-2)) is divided by y?
1
Let l(r) = 4*r + 7. Suppose -u - 34 = -2*u. Calculate the remainder when u is divided by l(3).
15
Let w(y) = 2*y**2 - 3*y + 5. Let t(h) = 26*h - 18. What is the remainder when w(-5) is divided by t(1)?
6
Let m(q) = -q**2 - 106*q - 2608. Suppose 0 = 5*b - 5 - 0. Suppose 2*o + 2*o + 4*r = 0, -4*r = 3*o + b. Calculate the remainder when m(-67) is divided by o.
0
Let z(p) = 19*p**2 + 2*p - 2. Calculate the remainder when z(1) is divided by 3.
1
Suppose -5*n + 148 = 3*o - 216, -359 = -3*o - 4*n. Suppose -7746*r = -7740*r - 138. What is the remainder when o is divided by r?
21
Suppose -17*h = -18*h + 539. Calculate the remainder when h is divided by 12.
11
Suppose 15*j - 18*j = 15, 3*q - 77 = -5*j. What is the remainder when 169 is divided by q?
33
Suppose 4*g + 5*w = 9*g - 35, -g = 3*w - 7. Suppose 1 = 2*q - g. Suppose -3*z + 26 = -z + q*a, 0 = -a - 1. What is the remainder when z is divided by 4?
3
Let h = 1012 + -942. What is the remainder when 70 is divided by h?
0
Let h(u) = -5*u**2 + u - 2. Let v be h(1). Calculate the remainder when (-4)/v + 520/30 is divided by 5.
3
Let u = -994 - -1065. Calculate the remainder when u is divided by 33.
5
Let c(b) = 12*b - 3. Let w be (-2)/((-1)/(2/4)). Suppose -2*t = -3 - w. Calculate the remainder when 61 is divided by c(t).
19
Let p(f) = 513*f + 6. Let a be p(-2). Let t = 24 - 17. What is the remainder when a/(-40) + (-2)/(-4) is divided by t?
5
Calculate the remainder when (-14)/(-8)*133104/2478 is divided by 1/1 + (32 - 0).
28
Suppose 4*u = -11 - 65. Let f(d) = 4*d**2 - d + 3. What is the remainder when f(3) is divided by (u/2)/(8/(-16))?
17
Suppose j - 777 = -3*v + 4*j, -2*j + 1288 = 5*v. Let u = -151 + v. What is the remainder when u is divided by 22?
19
Suppose -3261 + 1161 = -35*b. Calculate the remainder when 358 is divided by b.
58
Let y = -23 + 31. Let w = y + -8. Suppose 2*x - 59 = -3*i, w = i - x - 15 - 13. What is the remainder when 44 is divided by i?
21
Suppose -6*g + 9*g - 159 = 0. Let y = g - 46. What is the remainder when 13 is divided by y?
6
Let d = 285 + -166. Calculate the remainder when 134 is divided by (-12)/7 + 2 - (-2703)/d.
19
Suppose 2*b - 39 = -b. Suppose -8*w = -b*w + 65. Calculate the remainder when 61 is divided by w.
9
Suppose 0*q - 3*q = -6. Let k(o) = 2*o**2 + 3*o - 2. Suppose 0 = 6*t - 4*t - 14. Calculate the remainder when k(q) is divided by t.
5
Let k(j) = -j**2 - 11*j - 13. Let h be k(-9). What is the remainder when ((-14)/(-4))/((-2)/(-4)) is divided by (-2)/(h/(-2) - -2)?
3
Suppose -3*h + h + 34 = 0. Let c(p) = 2*p**2 - 6*p + 5. Let r(a) = a**2 + a + 1. Let k(v) = -c(v) + 3*r(v). Calculate the remainder when k(-13) is divided by h.
16
Suppose 2*h - 4 = h. Let u(t) = t**2 - 6*t + 50. Let w be u(7). Suppose -h*j + w = -j - i, 2*i = j - 24. Calculate the remainder when j is divided by 4.
2
Let k = 62 + -37. Let d(h) = 1. Let q(o) = o**2 - 8*o + 8. Let c(i) = 6*d(i) - q(i). What is the remainder when k is divided by c(3)?
12
Let t = 184 + -115. Let l be t/12 + 2/8. Suppose 2*y - 36 = -3*j, y - 39 + l = -3*j. Calculate the remainder when 19 is divided by j.
9
What is the remainder when (-61)/(-2)*10/5*1 is divided by 26?
9
Suppose 0 = -13*i + 1 + 25. Let a be 60/9*42/4. Suppose -5*j + 2*z + a = -j, i*j = 4*z + 38. Calculate the remainder when 49 is divided by j.
15
Let z be 32 - (-3 - 0/2). Let d = z + -25. Calculate the remainder when (74/6)/((-2)/(-6)) is divided by d.
7
Let x(q) = -q**3 - 6*q**2 - q - 1. Let c be x(-6). Calculate the remainder when -10*c/(-40)*32 is divided by 11.
7
Suppose 0 = 18*i - 1584 + 90. Calculate the remainder when 326 is divided by i.
77
Let i = -31 - -31. Suppose i = -q + 3*q - 96. Calculate the remainder when q is divided by 13.
9
Let d(o) = -12*o**2 - 4*o - 5. Let t(f) = -35*f**2 - 11*f - 14. Let j(l) = 8*d(l) - 3*t(l). What is the remainder when 18 is divided by j(-1)?
8
Let z(b) = 7*b**2 - 45*b + 15. Calculate the remainder when 65 is divided by z(7).
22
Suppose 1 + 175 = 11*n. What is the remainder when 31 is divided by n?
15
Let p(b) = -3*b + 69. Calculate the remainder when 2/(-4) + 286/4 is divided by p(15).
23
Suppose -r + 34 = 4*r - u, 16 = -4*u. Let z(s) = -3*s - 27. Let n be z(-8). Let w(h) = h**3 + 5*h**2 + 3*h. What is the remainder when w(n) is divided by r?
3
Let d(s) = -s + 2. Let c(f) = -f**3 - 5*f**2 - 1. Let k be c(-5). Calculate the remainder when 6 is divided by d(k).
0
Let q = 267 - 105. Suppose 3*c - 3*t - q = 0, -3*c + 130 = -2*t - 30. Let h(r) = -r**3 + 7*r**2 - 9*r + 9. What is the remainder when c is divided by h(5)?
10
Let g(w) = w**2 + 5*w + 4. Let r be g(-4). Suppose 5*p - 175 = -i + 6*i, r = -p + 4*i + 44. What is the remainder when p is divided by 22?
10
Let d(k) be the third derivative of k**6/120 + k**5/10 - k**4/8 - 11*k**3/6 + 24*k**2. What is the remainder when d(-6) is divided by 4?
3
Suppose c = -3*c + 32. Suppose 72 - c = 4*n. Let a = 25 - n. What is the remainder when 42 is divided by a?
6
Let l = -9 - -13. Let n(g) = 59*g + 14 - 33*g - 28*g. Calculate the remainder when 14 is divided by n(l).
2
Suppose 0 = 23*i - 17*i - 162. What is the remainder when i is divided by (-36)/(-6 - -3) + 3?
12
Let i(a) = -a**2 + 35*a - 194. Calculate the remainder when i(26) is divided by 26.
14
Suppose -v = -4*a - 335, 6*v = v - 4*a + 1555. What is the remainder when v is divided by 6?
3
Calculate the remainder when ((-3456)/(-1344))/(1/98) is divided by 62.
4
Suppose -4*h = h - 225. Suppose -2*m + 25 + 23 = 0. What is the remainder when h is divided by m?
21
Let m = -89 - -226. What is the remainder when m is divided by 23?
22
Let d = -3 - -9. Suppose 4*w = 20, -z + 33 - d = 3*w. What is the remainder when z is divided by -12*(-3)/(-27)*-3?
0
Let x(a) = 51*a - 1. Suppose -5*s - 18 = -3*p, -5*s = 4*p - 9*p + 20. Calculate the remainder when x(p) is divided by (-6204)/(-462) - (3/(-7))/(-1).
11
Suppose 3*g + 44 = p + 3, 9 = p + 5*g. Calculate the remainder when 57 is divided by p.
28
Let i be (-1)/(1 + 410/(-409)). Let p = i - 286. Suppose f - 1168 = -21*f - 706. What is the remainder when p is divided by f?
18
Suppose 49*u = 637 + 1862. What is the remainder when 149 is divided by u?
47
Let n be (-82)/(-3) + (-8)/(-12). Let p = 13 + n. Suppose -105 = h - 6*h + k, -7 = -h + 3*k. Calculate the rem